st the prime factors of 3*52/b*-4.
2, 13
Suppose -4*u + 330 = -162. List the prime factors of u.
3, 41
Let m(p) = -1977*p + 10. What are the prime factors of m(-2)?
2, 991
Let i(d) = -49*d - 275. List the prime factors of i(-10).
5, 43
Let h(b) = -b. Let l be h(-5). Suppose 5 = w + 5*u, l*u + 28 = 2*w + 3. Suppose -w*v + 8 = -6*v. List the prime factors of v.
2
Suppose 1899 = 10*v - 3331. What are the prime factors of v?
523
Suppose -2149 = -10*c + 631. What are the prime factors of c?
2, 139
List the prime factors of ((-14)/(-5))/((-30)/(-4950)).
2, 3, 7, 11
Let f(w) = 4*w. Let k be f(1). Suppose k*l - 1 = 15. Suppose 0*n - l*a = 3*n - 91, -2*n + 3*a = -38. What are the prime factors of n?
5
Let u = 4 - 0. Suppose 9*p - 12 = 3*p. Suppose u*l = -p*b + 84, -186 = -7*b + 2*b - 2*l. What are the prime factors of b?
2, 3
List the prime factors of 0 + 562 - -6 - 4.
2, 3, 47
Let n = 4534 - 1576. List the prime factors of n.
2, 3, 17, 29
Suppose 3*p = -0*p. Suppose y + 4*m = -y + 18, p = -3*y + 2*m + 3. Suppose y*c - 4*x - 91 + 36 = 0, 3*c - 85 = -2*x. What are the prime factors of c?
5
Let w = -3 - -65. Suppose 242 = 4*z - w. Suppose 0*m = 2*m - z. What are the prime factors of m?
2, 19
Suppose 0 = 2*o, -20 = 4*d + 5*o - 60. Let j(b) = b**3 - 10*b**2 - b - 3. Let p be j(d). List the prime factors of p/(-3 - (-16)/6).
3, 13
Suppose 2*j = -3*j + 165. Let o(w) = 2*w**2. Let a be o(1). Suppose -4*t - q = -56, -40 = -5*t - a*q + j. List the prime factors of t.
13
Let u be 58/18 + 12/(-54). Let x(t) = -4*t + 15*t**2 - 14*t**2 + 2*t + 1 + 5*t. What are the prime factors of x(u)?
19
Suppose -93 - 78 = -2*q + y, 2*q + 3*y - 175 = 0. List the prime factors of q.
2, 43
Let p be ((-148)/(-8))/(2/(-8)). Let m = -34 - p. Suppose -4*t + m = -64. What are the prime factors of t?
2, 13
Let i(r) = -r**2 - 11*r - 12. Let s be i(-7). Let p = 140 + s. What are the prime factors of p?
2, 3, 13
Let i be (1 - 23/2)*-12. Suppose l + 2*a - 81 = 0, -4*l + i = -2*l - 5*a. Suppose -2*b + 4 = 0, 5*m - 2*b = -6*b + l. What are the prime factors of m?
13
Let d = -77 - -79. Suppose -3 = -d*w + 13. What are the prime factors of w?
2
Let g = 82 - 21. Let z = 38 - g. Let d = z - -34. What are the prime factors of d?
11
Suppose -5 = 5*f, -3*x - f = -777 - 1019. What are the prime factors of x?
599
Let v be 31 + 2/((-8)/(-20)) + -2. List the prime factors of 4335/v + (-1 - 6/(-4)).
2
What are the prime factors of (0 + -2)*-2 + (-1 - -3010)?
23, 131
Suppose 3*k + 0*k = 3*r + 57, 0 = r + 4*k + 29. Let f = -17 - r. Suppose f*t + v - 43 = 0, -3*t + 24 = -t - 2*v. List the prime factors of t.
11
Let t(j) = -j**2 + 14*j - 6. Let y(s) = -13*s - 7. Let r be y(-1). What are the prime factors of t(r)?
2, 3, 7
Let z be -1 - -2 - (-6)/6. Suppose z*s - 3*y - 13 = 0, y = -s - y - 4. Suppose 0 = -3*c - 0*c - s*i + 23, 4*i = -20. What are the prime factors of c?
11
Let g = -367 - -381. List the prime factors of g.
2, 7
Let y(g) = 421*g + 587. List the prime factors of y(9).
2, 547
Suppose 82*x - 79*x - 1682 = -o, 0 = 5*o - 4*x - 8467. List the prime factors of o.
19, 89
Let v = 20 + -36. List the prime factors of 2*-2*292/v.
73
Let n be (-48 - 6)/((-2)/(-38)*-2). Suppose -2*t + n = -3*f, 480 = 2*t - 5*f - 39. List the prime factors of t.
2, 3, 7
Let m(b) = 8*b + 13. Let k(l) = -9*l - 13. Let a(t) = 4*k(t) + 5*m(t). Let f = 3 + 6. List the prime factors of a(f).
7
Let q(b) = 36*b - 140. List the prime factors of q(15).
2, 5
Let b = 1156 - 814. What are the prime factors of b?
2, 3, 19
Let n be 1748/14 + 1/7. Suppose r - 472 = -4*m + 6*r, m - n = 3*r. What are the prime factors of m?
113
Let r = -1744 - -3130. List the prime factors of r.
2, 3, 7, 11
List the prime factors of 4/(-2 - (-38100)/19038).
19, 167
Suppose 0 = 5*u + 20, 0 = -5*t + 5*u - 246 + 3036. What are the prime factors of t?
2, 277
Let n be (51/(-2))/3*2. Let m = -16 - n. Suppose 5*f = 3*c + 1, 0 = f - 5*f + 3*c - m. What are the prime factors of f?
2
Let w(q) = q**3 + 9*q**2 - 9*q + 14. Let m be w(-10). What are the prime factors of 7 + -5 + 1 + 4/m?
2
Suppose -3*k = -2*k - 12. Let h = k + 114. What are the prime factors of h?
2, 3, 7
Let k be 1/(-2)*17/((-51)/(-3030)). Let f = -290 - k. What are the prime factors of f?
5, 43
Let m = 1547 + -828. What are the prime factors of m?
719
Let d be ((-3)/(-9))/(2/30). Suppose -d*f = 6*x - x - 15, 5*f = -3*x + 13. List the prime factors of -2 + 12 + f + -1.
11
Suppose 16 = -5*n + 4*s + 454, n - 87 = s. List the prime factors of n.
2, 3, 5
Suppose -47*q + 160 = -15*q. What are the prime factors of q?
5
Suppose -w - 3*z + 16 + 22 = 0, -4*w + 192 = 2*z. List the prime factors of (-1 + w/(-8))/((-23)/92).
29
Let c(s) = 6*s**2 + 176*s - 81. What are the prime factors of c(18)?
3, 13, 43
Let g = 6 + -12. Let q be (g/(-4))/(6/(-24)). What are the prime factors of q/(-9)*-11*-6?
2, 11
Let l(y) be the third derivative of y**6/40 - y**3/6 - 4*y**2. Let v be l(1). Let c(k) = 17*k - 5. List the prime factors of c(v).
29
Let x(o) = o**3 - o**2 + 2*o + 54. Let t be x(0). Suppose -2*z - t = -4*z. Suppose 3*s = -s - 5*w + z, 2*s = 4*w + 46. What are the prime factors of s?
13
Let r(g) = -22 + 7 + 5 + 30*g. List the prime factors of r(4).
2, 5, 11
Suppose -4*h - 2*a = -1232, 0 = -2*a - 10 + 14. List the prime factors of h.
307
Suppose 0 = 2*v - 5*y - 22 + 47, 0 = 4*v - 2*y + 26. Let k = 1 + -5. What are the prime factors of k/(-2) - (v + -8)?
3, 5
Suppose 2*n = 103*j - 101*j - 6960, -4*n = 4*j - 13888. List the prime factors of j.
2, 11, 79
Suppose 13*f - 21 = -2*g + 10*f, g = 4*f - 6. Suppose -g*a + 400 = -a. What are the prime factors of a?
2, 5
Let h(n) = -13*n - 9. Let z be 80/48*(0 + -3). List the prime factors of h(z).
2, 7
Let l(h) = 75*h**2 + 9*h + 35. What are the prime factors of l(-7)?
7, 521
Suppose 0 - 1 = p. Let d be (-2)/(-4)*(p - -3). Suppose j - d - 35 = 0. List the prime factors of j.
2, 3
Let f = 728 - 515. Suppose -f = 3*y - 6*y. List the prime factors of y.
71
Let x = -64 - -13. List the prime factors of (-6851)/x + (4/6)/1.
3, 5
Let m(i) = -i**3 - i**2 + 135. What are the prime factors of m(0)?
3, 5
Let s(u) = -3*u - 29. Suppose -6*y - 27 = 99. List the prime factors of s(y).
2, 17
Suppose 4 = y, 4*y = -5*t - 0*y + 26. Let i be t + 1 + 0 + 117. Suppose -5*b + 310 - i = 0. List the prime factors of b.
2, 19
Suppose s + 2*s = -5*p + 22, -5*s + 14 = -3*p. Let f be (2/s)/((-1)/(-10)). Suppose 27 = 2*z - 3*n, -f*z + 3*z + 5*n + 29 = 0. List the prime factors of z.
2, 3
What are the prime factors of ((-8)/(-7))/(32/4144)?
2, 37
Suppose -3*w = 5*t + 2 + 2, 14 = 2*w - 5*t. Suppose -w*c = 2*c. What are the prime factors of 136/(12/3) - c?
2, 17
Let a = 67 - 38. Let l = 9 + a. What are the prime factors of l?
2, 19
List the prime factors of 329 - -3 - (-4)/(-1).
2, 41
Let s(m) = 39*m + 37. What are the prime factors of s(10)?
7, 61
Let h be (-48)/54 - (-1)/(-9). List the prime factors of -2*-23*(2 + h).
2, 23
List the prime factors of ((-76153)/(-22) - 1/2) + 3.
2, 433
Let h be (2/4*-74)/(-1). Let r = h - 53. What are the prime factors of (-4)/(r/19)*12?
3, 19
Let k(q) = -q**3 + 38*q**2 + 2*q - 74. What are the prime factors of k(38)?
2
Suppose 5*j + 18 = -2. Let z(h) = 2*h**2 + 5*h - 1. List the prime factors of z(j).
11
Suppose 2*m - 120 = 2*n, -2*m + 123 = 4*n - 3. Let d = 94 - m. List the prime factors of d.
3, 11
Suppose 9*q - 13*q - 24 = 0. Let f(v) = v**3 + 10*v**2 + 10*v + 21. List the prime factors of f(q).
3, 5, 7
Suppose -72*o = -70*o - 2420. What are the prime factors of o?
2, 5, 11
Suppose -2*l = 4*p - 34, 0 = 5*l - 2*l + 5*p - 50. Suppose m = -4*m + l. Let o = m + 1. What are the prime factors of o?
2
Suppose 1843 = 40*k - 1077. What are the prime factors of k?
73
Suppose -21*b + 23156 = 7*b. What are the prime factors of b?
827
Suppose 3174 = 32*m - 29*m. What are the prime factors of m?
2, 23
Let m be 1/(2/(-9) + 2093/9135). Let a = m + -77. What are the prime factors of a?
2, 17
Suppose -46*i = -42*i - 24. Suppose i*r = r + 505. What are the prime factors of r?
101
Let i(n) be the second derivative of n**6/120 - n**5/6 + 13*n**4/24 - 3*n**2 + 2*n. Let s(l) be the first derivative of i(l). List the prime factors of s(9).
2, 3
Suppose 3*v - 1405 = -w + 463, -2*w - 3106 = -5*v. Lis